[INFO] cloning repository https://github.com/borkdude/find-reify-usage
[INFO] running `Command { std: "git" "-c" "credential.helper=" "-c" "credential.helper=/workspace/cargo-home/bin/git-credential-null" "clone" "--bare" "https://github.com/borkdude/find-reify-usage" "/workspace/cache/git-repos/https%3A%2F%2Fgithub.com%2Fborkdude%2Ffind-reify-usage", kill_on_drop: false }`
[INFO] [stderr] Cloning into bare repository '/workspace/cache/git-repos/https%3A%2F%2Fgithub.com%2Fborkdude%2Ffind-reify-usage'...
[INFO] running `Command { std: "git" "rev-parse" "HEAD", kill_on_drop: false }`
[INFO] [stdout] 68bc702b2a07d80431f503bda4445188a3b44607
[INFO] checking borkdude/find-reify-usage against master#cfbc6d4cf1acbac5c025acf8ed68929caa551df3 for pr-75494-beta
[INFO] running `Command { std: "git" "clone" "/workspace/cache/git-repos/https%3A%2F%2Fgithub.com%2Fborkdude%2Ffind-reify-usage" "/workspace/builds/worker-4/source", kill_on_drop: false }`
[INFO] [stderr] Cloning into '/workspace/builds/worker-4/source'...
[INFO] [stderr] done.
[INFO] validating manifest of git repo https://github.com/borkdude/find-reify-usage on toolchain cfbc6d4cf1acbac5c025acf8ed68929caa551df3
[INFO] running `Command { std: "/workspace/cargo-home/bin/cargo" "+cfbc6d4cf1acbac5c025acf8ed68929caa551df3" "read-manifest" "--manifest-path" "Cargo.toml", kill_on_drop: false }`
[INFO] started tweaking git repo https://github.com/borkdude/find-reify-usage
[INFO] finished tweaking git repo https://github.com/borkdude/find-reify-usage
[INFO] tweaked toml for git repo https://github.com/borkdude/find-reify-usage written to /workspace/builds/worker-4/source/Cargo.toml
[INFO] crate git repo https://github.com/borkdude/find-reify-usage already has a lockfile, it will not be regenerated
[INFO] running `Command { std: "/workspace/cargo-home/bin/cargo" "+cfbc6d4cf1acbac5c025acf8ed68929caa551df3" "fetch" "--locked" "--manifest-path" "Cargo.toml", kill_on_drop: false }`
[INFO] [stderr]     Blocking waiting for file lock on package cache
[INFO] [stderr]     Blocking waiting for file lock on package cache
[INFO] [stderr]  Downloading crates ...
[INFO] [stderr]   Downloaded podio v0.1.6
[INFO] [stderr]   Downloaded tree-sitter v0.6.3
[INFO] [stderr]   Downloaded bzip2-sys v0.1.8+1.0.8
[INFO] [stderr]   Downloaded zip v0.5.5
[INFO] running `Command { std: "docker" "create" "-v" "/var/lib/crater-agent-workspace/builds/worker-4/target:/opt/rustwide/target:rw,Z" "-v" "/var/lib/crater-agent-workspace/builds/worker-4/source:/opt/rustwide/workdir:ro,Z" "-v" "/var/lib/crater-agent-workspace/cargo-home:/opt/rustwide/cargo-home:ro,Z" "-v" "/var/lib/crater-agent-workspace/rustup-home:/opt/rustwide/rustup-home:ro,Z" "-e" "SOURCE_DIR=/opt/rustwide/workdir" "-e" "CARGO_TARGET_DIR=/opt/rustwide/target" "-e" "CARGO_HOME=/opt/rustwide/cargo-home" "-e" "RUSTUP_HOME=/opt/rustwide/rustup-home" "-w" "/opt/rustwide/workdir" "-m" "1610612736" "--user" "0:0" "--network" "none" "rustops/crates-build-env@sha256:a636fd89d022f18117e1dc8fb37a0a009933cdbbe082814857f0e2024962d47c" "/opt/rustwide/cargo-home/bin/cargo" "+cfbc6d4cf1acbac5c025acf8ed68929caa551df3" "metadata" "--no-deps" "--format-version=1", kill_on_drop: false }`
[INFO] [stdout] 3d1d8d4ecd3a8cefb0ac3dca49518c18542d5383ae5fad88eacbabf9b2b80252
[INFO] [stderr] WARNING: Your kernel does not support swap limit capabilities or the cgroup is not mounted. Memory limited without swap.
[INFO] running `Command { std: "docker" "start" "-a" "3d1d8d4ecd3a8cefb0ac3dca49518c18542d5383ae5fad88eacbabf9b2b80252", kill_on_drop: false }`
[INFO] running `Command { std: "docker" "inspect" "3d1d8d4ecd3a8cefb0ac3dca49518c18542d5383ae5fad88eacbabf9b2b80252", kill_on_drop: false }`
[INFO] running `Command { std: "docker" "rm" "-f" "3d1d8d4ecd3a8cefb0ac3dca49518c18542d5383ae5fad88eacbabf9b2b80252", kill_on_drop: false }`
[INFO] [stdout] 3d1d8d4ecd3a8cefb0ac3dca49518c18542d5383ae5fad88eacbabf9b2b80252
[INFO] running `Command { std: "docker" "create" "-v" "/var/lib/crater-agent-workspace/builds/worker-4/target:/opt/rustwide/target:rw,Z" "-v" "/var/lib/crater-agent-workspace/builds/worker-4/source:/opt/rustwide/workdir:ro,Z" "-v" "/var/lib/crater-agent-workspace/cargo-home:/opt/rustwide/cargo-home:ro,Z" "-v" "/var/lib/crater-agent-workspace/rustup-home:/opt/rustwide/rustup-home:ro,Z" "-e" "SOURCE_DIR=/opt/rustwide/workdir" "-e" "CARGO_TARGET_DIR=/opt/rustwide/target" "-e" "CARGO_INCREMENTAL=0" "-e" "RUST_BACKTRACE=full" "-e" "RUSTFLAGS=--cap-lints=forbid" "-e" "CARGO_HOME=/opt/rustwide/cargo-home" "-e" "RUSTUP_HOME=/opt/rustwide/rustup-home" "-w" "/opt/rustwide/workdir" "-m" "1610612736" "--user" "0:0" "--network" "none" "rustops/crates-build-env@sha256:a636fd89d022f18117e1dc8fb37a0a009933cdbbe082814857f0e2024962d47c" "/opt/rustwide/cargo-home/bin/cargo" "+cfbc6d4cf1acbac5c025acf8ed68929caa551df3" "check" "--frozen" "--all" "--all-targets" "--message-format=json", kill_on_drop: false }`
[INFO] [stdout] aa90e335318de6cc7ff7bfa1d2696b37392b3008aec8d7e31ac88c9e780e8554
[INFO] [stderr] WARNING: Your kernel does not support swap limit capabilities or the cgroup is not mounted. Memory limited without swap.
[INFO] running `Command { std: "docker" "start" "-a" "aa90e335318de6cc7ff7bfa1d2696b37392b3008aec8d7e31ac88c9e780e8554", kill_on_drop: false }`
[INFO] [stderr]    Compiling autocfg v1.0.0
[INFO] [stderr]     Checking lazy_static v1.4.0
[INFO] [stderr]    Compiling semver-parser v0.7.0
[INFO] [stderr]     Checking cfg-if v0.1.10
[INFO] [stderr]    Compiling maybe-uninit v2.0.0
[INFO] [stderr]    Compiling syn v1.0.16
[INFO] [stderr]    Compiling ryu v1.0.3
[INFO] [stderr]    Compiling serde v1.0.104
[INFO] [stderr]    Compiling crc32fast v1.2.0
[INFO] [stderr]     Checking scopeguard v1.1.0
[INFO] [stderr]     Checking itoa v0.4.5
[INFO] [stderr]     Checking either v1.5.3
[INFO] [stderr]     Checking podio v0.1.6
[INFO] [stderr]     Checking glob v0.3.0
[INFO] [stderr]    Compiling bzip2-sys v0.1.8+1.0.8
[INFO] [stderr]    Compiling tree-sitter v0.6.3
[INFO] [stderr]    Compiling analyze-reify v0.1.0 (/opt/rustwide/workdir)
[INFO] [stderr]     Checking thread_local v1.0.1
[INFO] [stderr]    Compiling proc-macro2 v1.0.9
[INFO] [stderr]     Checking rand v0.4.6
[INFO] [stderr]    Compiling semver v0.9.0
[INFO] [stderr]     Checking regex v1.3.5
[INFO] [stderr] The following warnings were emitted during compilation:
[INFO] [stderr] 
[INFO] [stderr] warning: cc: error: tree-sitter-clojure/src/parser.c: No such file or directory
[INFO] [stderr] warning: cc: fatal error: no input files
[INFO] [stderr] warning: compilation terminated.
[INFO] [stderr] 
[INFO] [stderr] error: failed to run custom build command for `analyze-reify v0.1.0 (/opt/rustwide/workdir)`
[INFO] [stderr] 
[INFO] [stderr] Caused by:
[INFO] [stderr]   process didn't exit successfully: `/opt/rustwide/target/debug/build/analyze-reify-3633956198820fcc/build-script-build` (exit code: 1)
[INFO] [stderr]   --- stdout
[INFO] [stderr]   TARGET = Some("x86_64-unknown-linux-gnu")
[INFO] [stderr]   OPT_LEVEL = Some("0")
[INFO] [stderr]   HOST = Some("x86_64-unknown-linux-gnu")
[INFO] [stderr]   CC_x86_64-unknown-linux-gnu = None
[INFO] [stderr]   CC_x86_64_unknown_linux_gnu = None
[INFO] [stderr]   HOST_CC = None
[INFO] [stderr]   CC = None
[INFO] [stderr]   CFLAGS_x86_64-unknown-linux-gnu = None
[INFO] [stderr]   CFLAGS_x86_64_unknown_linux_gnu = None
[INFO] [stderr]   HOST_CFLAGS = None
[INFO] [stderr]   CFLAGS = None
[INFO] [stderr]   CRATE_CC_NO_DEFAULTS = None
[INFO] [stderr]   DEBUG = Some("true")
[INFO] [stderr]   CARGO_CFG_TARGET_FEATURE = Some("fxsr,sse,sse2")
[INFO] [stderr]   running: "cc" "-O0" "-ffunction-sections" "-fdata-sections" "-fPIC" "-g" "-fno-omit-frame-pointer" "-m64" "-I" "tree-sitter-clojure/src" "-Wall" "-Wextra" "-o" "/opt/rustwide/target/debug/build/analyze-reify-0a3c78cb4c09b30c/out/tree-sitter-clojure/src/parser.o" "-c" "tree-sitter-clojure/src/parser.c"
[INFO] [stderr]   cargo:warning=cc: error: tree-sitter-clojure/src/parser.c: No such file or directory
[INFO] [stderr]   cargo:warning=cc: fatal error: no input files
[INFO] [stderr]   cargo:warning=compilation terminated.
[INFO] [stderr]   exit code: 1
[INFO] [stderr] 
[INFO] [stderr]   --- stderr
[INFO] [stderr] 
[INFO] [stderr] 
[INFO] [stderr]   error occurred: Command "cc" "-O0" "-ffunction-sections" "-fdata-sections" "-fPIC" "-g" "-fno-omit-frame-pointer" "-m64" "-I" "tree-sitter-clojure/src" "-Wall" "-Wextra" "-o" "/opt/rustwide/target/debug/build/analyze-reify-0a3c78cb4c09b30c/out/tree-sitter-clojure/src/parser.o" "-c" "tree-sitter-clojure/src/parser.c" with args "cc" did not execute successfully (status code exit code: 1).
[INFO] [stderr] 
[INFO] [stderr] 
[INFO] [stderr] warning: build failed, waiting for other jobs to finish...
[INFO] [stderr] error: build failed
[INFO] running `Command { std: "docker" "inspect" "aa90e335318de6cc7ff7bfa1d2696b37392b3008aec8d7e31ac88c9e780e8554", kill_on_drop: false }`
[INFO] running `Command { std: "docker" "rm" "-f" "aa90e335318de6cc7ff7bfa1d2696b37392b3008aec8d7e31ac88c9e780e8554", kill_on_drop: false }`
[INFO] [stdout] aa90e335318de6cc7ff7bfa1d2696b37392b3008aec8d7e31ac88c9e780e8554
